 + 46 = 0. Let m be (-132)/y - (1 - -2). Determine b(m).
6
Let r(y) = 11*y**2 + 34*y - 5. Let s(v) = -8*v**2 - 23*v + 3. Let h(g) = 5*r(g) + 7*s(g). Calculate h(8).
4
Let r(z) = -z - 1. Let g(w) = w**3 - 3*w - 10. Let y be g(-3). Let k be 2/8 + (175/y - -6). What is r(k)?
-1
Let p(v) be the first derivative of 7*v**2 + v - 42. Determine p(1).
15
Let l(z) be the first derivative of z**4/12 - z**3/6 + z**2 + 7*z + 2. Let q(r) be the first derivative of l(r). What is q(0)?
2
Suppose u = 7*u + 18. Let a be 24/8*2/u. Let h(x) = -x**3 - 3*x**2 - 3*x - 3. Calculate h(a).
-1
Let w be ((-2)/(-8) + (-3)/(-12))*-2. Let c(p) = -3*p**3 - 12*p**2 + 2*p - 2. Let u(s) = s**3 + s**2 + s + 1. Let k(v) = w*c(v) - 4*u(v). Determine k(7).
5
Let a = 110 - 101. Let f(g) = g**2 - 7*g - 13. Determine f(a).
5
Let u = -8 + 11. Let b = -6 + u. Let z(i) = -3*i - 4*i**2 + 3*i**2 + 4*i**2 - 5*i**2. Determine z(b).
-9
Let c(k) = 3*k**3 - 3*k + 6*k**3 - 10*k**3 + 3 + k**2 + 2*k**2. Let y be 2328/(-78) - (-2)/(-13). Let v = 32 + y. Calculate c(v).
1
Let f(z) = 3*z**2 - 14*z - z + 3*z**2 + 4 - z**2 - 8*z**2. Calculate f(-5).
4
Let r(j) be the first derivative of j**3/3 + j**2 - 7*j - 64. Suppose -5*m + 1 - 6 = 0. Let a be 1/(m/3) - 2. Calculate r(a).
8
Let z(q) = -q - 14. Let m be z(-10). Let b(p) = -2*p + 11. Let r(g) = -g + 6. Suppose 6*w - 28 = 10*w. Let h(u) = w*r(u) + 4*b(u). What is h(m)?
6
Let i(t) = -18*t**2 - 8*t + 11. Let r(n) = n**2 - 2*n + 2. Let c(f) = i(f) - 5*r(f). What is c(-1)?
-24
Let q be ((10 - 7)/(3/(-8)))/(-2). Let l(n) = 4 + 3*n + q*n - 3*n**2 - 9*n**2 + 13*n**2. Determine l(-7).
4
Let u be -4 - (-3 + 2) - -2. Suppose -j - 4*j - 5*i + 12450 = 0, -5*i + 9962 = 4*j. Let z(s) = 2*s**2 - 3*s + j*s**3 + 4*s - 2482*s**3. Determine z(u).
-5
Let z(u) = -4*u + 3*u + 2*u. Let v(r) = 8*r - 3. Let x(c) = -v(c) + 6*z(c). What is x(2)?
-1
Let b(f) be the third derivative of -9*f**2 + 0*f + 0 + 5/24*f**4 + 1/60*f**5 + 2/3*f**3. Determine b(-5).
4
Let g(x) = -4*x + 12. Let q(j) = -j**2 - 8*j - 9. Let k be q(-8). Let u(m) = -m + 3. Let d(z) = k*u(z) + 2*g(z). Calculate d(0).
-3
Let g = 38 + -55. Let x(a) = 7. Let o(m) = -m - 20. Let y(i) = g*x(i) - 6*o(i). Determine y(-2).
-11
Let d(z) be the second derivative of z**4/6 - z**3/6 + 41*z. Suppose 4*h + 11 - 23 = 0. Determine d(h).
15
Let b be (-2 - -3)/(2/(-12)). Let p = -4 - b. Let u(m) = -m**3 - 3*m - 2*m**2 - m**2 - m**p - 5. Calculate u(-4).
7
Let s(l) = -l**3 + l**2 + l - 1. Suppose 0*f + 2*f - 4 = 0, -2*f + 7 = -3*q. Let g(r) = -7*r - 9. Let p be g(q). What is s(p)?
9
Let b(i) = i + 4. Let m be b(16). Let q = 19 - m. Let c(u) = -8*u**3 - u**2 - u - 1. What is c(q)?
7
Let v(b) be the third derivative of b**6/120 + b**5/10 - b**4/8 - 2*b**3/3 - 324*b**2. Give v(-5).
36
Suppose 3*q - 2*h = 12, -q + 4*h - 9*h - 13 = 0. Suppose -l + q*a = -2, l + 12 = -3*a - 6. Let b(u) = u**3 + 5*u**2 - 8*u. Calculate b(l).
12
Let w(y) be the first derivative of y**4/4 + y**3 - 5*y**2/2 + 2*y + 410. Determine w(-5).
-23
Let k(t) = t**3 + 6*t**2 + 4*t - 1. Let l be k(-5). Suppose 0 = l*u - 9 - 7. Let a(g) = 6 - 2 + 4*g - u + g**2. Determine a(-3).
-3
Let u(j) = -7*j + 11. Suppose -76 + 122 = 23*l. Give u(l).
-3
Let k(s) = 2*s**3 + 19*s**2 - 23*s + 16. Let f(d) = -d**3 - 10*d**2 + 12*d - 10. Let h(z) = -7*f(z) - 4*k(z). Give h(-7).
-1
Let q(x) = -x**3 - 7*x**2 + 3*x + 8. Let i(u) = -2*u**2 + u - 1. Let l be i(2). Calculate q(l).
-13
Let i(p) = -7*p**2 - p + 7. Let k(r) = r**2 - r - 1. Let y(z) = -i(z) - 6*k(z). Let w be 3 + -5 + (-71 - -68). What is y(w)?
-11
Let x = 12 + -10. Suppose x*y = -13 + 11. Let m(j) = -13*j. What is m(y)?
13
Let j(o) = -5*o + 6 + 10 - 25 + 5. Determine j(-4).
16
Let a be (-4 - 0 - -2)/1. Let h(g) = -g**3 - g**2 + 2*g + 1. Let j(t) = -2*t**3 - 3*t**2 + 8*t + 3. Let y(u) = 3*h(u) - j(u). Give y(a).
12
Let q(v) = -3*v**3 + 20*v**2 + 8*v - 5. Let o be q(7). Let b(d) = -11*d + 3. Determine b(o).
-19
Suppose -g + 0*g = -6. Let z(w) = -9*w + 2*w + g*w. What is z(-3)?
3
Let z(d) be the first derivative of d**3/3 + d + 88. What is z(0)?
1
Let h(g) = g**3 + 4*g**2 + 2*g. Let y be h(-3). Let b(d) = d + 0 - 6 + y*d**2 + 5. Give b(1).
3
Let m(k) be the third derivative of -k**5/60 - k**3/6 - k**2. Let x be 6/12*(0 + 4). Suppose 0 = -3*g - x*z + 3, -4*g - 2*z - 2*z = 0. Calculate m(g).
-10
Suppose -9*t + 55 = -8. Let u(s) = -t - 2*s + 0*s - s + 2*s. Give u(-10).
3
Let k(y) = 3*y - 12. Let m(f) = 2*f**2 + 14*f + 5. Let d be m(-7). Determine k(d).
3
Let o(v) = -v**3 - 3*v**2 + 4*v + 2. Let f(u) = u**3 - 9*u**2 - 9*u - 2. Let c be f(10). Suppose 32 = -c*r - 0*r. What is o(r)?
2
Let o(x) be the second derivative of 0 - 5/6*x**3 + 1/12*x**4 - x + 3/2*x**2. Let l = -2 - -5. Determine o(l).
-3
Let d = 695 - 694. Let l(f) = -f + 0*f - 14*f. What is l(d)?
-15
Let o = 241 - 234. Let d(b) = -b**2 + 6*b + 3. Determine d(o).
-4
Let q(t) be the third derivative of t**4/8 - t**3/6 - t**2. Suppose 0*o - m = 5*o - 40, -4*m + 20 = 0. Suppose 18 = o*c + 53. Give q(c).
-16
Let y(j) = 4*j**2 - 3*j + 7. Let t(i) = 3*i**2 - 2*i + 6. Let a(l) = -5*t(l) + 4*y(l). Calculate a(2).
-2
Suppose -9 - 6 = -15*a. Suppose -5*l - 26 = -4*r, 5*l + 2*r + 1 = -a. Let f(g) = g**2 + 2*g. What is f(l)?
0
Let c be -3*(4 + (-6)/2) - -6. Let l(m) = 7*m**2 - 2*m**2 - 4*m**2 + m - 4*m. What is l(c)?
0
Let y(k) be the second derivative of 0 - 32*k - 2*k**2 + 1/6*k**3. What is y(6)?
2
Suppose -7 = -5*p + 8. Let z(x) = -x + 0 - 1 + p*x - 3. Determine z(4).
4
Let v(c) be the second derivative of -c**4/12 + 5*c**3/6 + 7*c**2/2 + 84*c + 10. Let i(b) = -b**2 + 4*b + 5. Let q be i(4). Calculate v(q).
7
Let m(k) = -k**3 + 8*k**2 - 9*k + 6. Let r be (-2622)/(-322) - 32/28. What is m(r)?
-8
Let d(x) = -4*x - 7. Let k be (6/3 + 1)/(21/49). Calculate d(k).
-35
Let m(p) = -88 + 2*p + p + 205 - 124 - 5*p. Determine m(-6).
5
Let k(j) = 14*j**2 - j + 1. Suppose 4*w - 3*q + 0 = -5, 2*q = w + 5. Let o be 3 + -2 + w - 1. Determine k(o).
14
Let n(i) = -i**2. Suppose 3*u - u - 18 = -g, 0 = -5*g - 5*u + 105. Suppose -g = -4*q + 24. Let p be (-4)/q - 4/6. Calculate n(p).
-1
Let c(q) = -8*q - 37. Let f be c(-5). Let l(y) = -2*y - 1. Let g be l(-2). Let w(n) = -7 + n + g + 7. Calculate w(f).
6
Let b(g) = -g**3 - 17*g**2 - 70*g + 5. Let k be b(-10). Let c(x) = x**3 - 4*x**2 - 7*x - 3. Give c(k).
-13
Let t(l) = -l**2 + 25*l - 150. Let x be t(16). Let j = 3 - 1. Let r(s) = 4 + j*s + 0 + s**3 + 6*s**2 + 2. Determine r(x).
-6
Let m(f) be the third derivative of -f**5/60 - f**3 + 35*f**2 - 2. Let t be 0 - (2 - 1 - 1). Suppose -y - 2*y = t. Give m(y).
-6
Let u(y) = -y**3 - 3*y + 4*y**2 + y - 1 + 0. Let r = 2861 - 2857. Calculate u(r).
-9
Let w(d) = 4*d - 4. Let s(m) = -11*m + 11. Let k(b) = 3*s(b) + 8*w(b). Give k(-3).
4
Let c(b) be the third derivative of -b**4/6 - 3*b**3/2 - 232*b**2. What is c(0)?
-9
Let v(b) be the first derivative of -1/30*b**5 + 0*b + 1/60*b**6 + 8 + 1/24*b**4 + 0*b**3 + 3/2*b**2. Let z(j) be the second derivative of v(j). Give z(1).
1
Let i(o) = 2 + 4*o**2 - 2*o - 24*o**2 + 9*o**2 + o**3 + 12*o**2 - 4. Determine i(-2).
-2
Let b(f) = -1 - 2*f**2 + 15923*f - 15932*f + 11*f**2 + f**3. What is b(-10)?
-11
Let q(k) = -k**2 + 13*k - 15. Let y be (-96)/(-9) + 3/9. Calculate q(y).
7
Let l(j) = j**2 + 6*j + 5. Let z be l(-3). Let r(n) = n**2. Let b(o) = -3*o**2 + 4*o + 3. Let d(a) = z*r(a) - b(a). Determine d(-3).
0
Let i(j) = 4*j + 75. Suppose -2*g + 3*q - 24 = 0, 4*g + 35*q - 31*q + 88 = 0. Determine i(g).
3
Let m(u) = 11*u + 19. Let n(o) = 5*o + 9. Suppose 0 = -3*z + 6*z - 9. Suppose -3*f = -4*k - 33, -f - z = 3*k - 2*k. Let b(g) = k*m(g) + 13*n(g). What is b(6)?
-3
Let g(v) = v**2 - 6*v - 12. Let l be g(-5). Let m = 42 - l. Let p(o) = -o**2 - 2*o. Determine p(m).
1
Let q(z) be the third derivative of 7*z**2 + 1/120*z**5 + 0 + 0*z**3 + 0*z - 1/12*z**4 - 1/720*z**6. Let v(t) be the second derivative of q(t). Determine v(-5).
6
Let f(b) = b + 1. Let g(l) = -6 + 7 + 1 + 2 + 4*l. Let r(s) = -2*f(s) - g(s). Give r(-4).
18
Let o(t) = 9 - 23*t**2 + 7*t + 12*t**2 + 12*t**2 - 6*t. Give o(0).
9
Let h(i) = -2*i**3 + i**2 + i - 1. Let s(o) = -7*o**3 + 12*o**2 + 12*o - 7. Let w(k) = -4*h(k) + s(k). Determine w(-6).
21
Let x(v) be the third derivative of -v**4/12 + v**3/3 - 363*v**2. Let n be 2/7